NOAA-Style Climate Reports


Report for 2019 March
                   Monthly Climatological Summary for Mar 2019

Name: Lighthouse Rd. Woodbury, CT   City: Woodbury   State: CT
Elevation: 472 ft  Lat: N 41 33 11   Lon: W 073 13 27

                  Temperature (°F), Rain (in), Wind Speed (mph)

                                      Heat  Cool        Avg
    Mean                              Deg   Deg         Wind                 Dom
Day Temp  High   Time   Low    Time   Days  Days  Rain  Speed High   Time    Dir
----------------------------------------------------------------------------------
01  28.0  36.0   13:31  19.6   06:19  36.9   0.0  0.01   1.1   6.1   13:32   ESE
02  32.7  39.0   14:47  27.7   06:29  32.3   0.0  0.12   1.9   8.7   03:52     N
03  34.3  43.3   13:19  27.9   06:20  30.7   0.0  0.00   1.4   9.6   10:03   SSE
04  31.0  41.4   14:11  18.5   23:52  34.0   0.0  0.11   1.7  17.4   10:39     N
05  21.9  32.2   15:24   9.9   06:27  43.1   0.0  0.00   2.2  14.0   11:08     S
06  17.9  26.4   11:52   9.1   23:38  46.9   0.0  0.00   2.5  16.6   11:54    SE
07   2.7   9.5   00:00   1.8   06:29  62.3   0.0  0.00   1.4  15.7   15:08   SSE
08   1.8   1.8   00:00   1.8   00:00  63.2   0.0  0.00   1.4   9.6   10:40   SSE
09   1.8   1.8   00:00   1.8   00:00  63.2   0.0  0.00   0.7   6.1   10:54   NNW
10   1.8   1.8   00:00   1.8   00:00  60.6   0.0  0.22   2.4  10.5   09:19   NNE
11  32.2  52.9   16:30   1.8   00:00  32.8   0.0  0.00   2.7  14.8   16:12   NNE
12  33.6  37.2   12:13  30.0   03:58  31.4   0.0  0.00   4.3  14.8   05:50    SE
13  32.7  38.1   20:06  22.1   06:59  32.3   0.0  0.00   2.0   5.2   09:44     N
14  43.3  55.0   15:14  33.8   05:45  21.7   0.0  0.00   3.0  11.3   17:06   SSE
15  52.7  62.8   16:15  45.5   00:22  12.3   0.0  0.69   3.0   8.7   11:31     S
16  41.5  49.6   00:00  31.6   23:59  23.5   0.0  0.00   3.4  25.3   11:31    NE
17  33.3  43.9   16:30  26.4   06:42  31.7   0.0  0.00   2.3  20.1   11:44     E
----------------------------------------------------------------------------------
    26.1  62.8    15     1.8     7   658.9   0.0  1.15   2.2  25.3    16     ESE

Max >=  90.0  0
Max <=  32.0  5
Min <=  45.0 16
Min <=  32.0 15
Max Rain: 0.69 on day 15
Days of Rain: 1 (>= 0.25 in)  1 (>= 0.50 in)  0 (>= 1.00 in)
Heat Base: 65.0  Cool Base: 65.0  Method: Integration