NOAA-Style Climate Reports


Report for 2019 July
                   Monthly Climatological Summary for Jul 2019

Name: Lighthouse Rd. Woodbury, CT   City: Woodbury   State: CT
Elevation: 472 ft  Lat: N 41 33 11   Lon: W 073 13 27

                  Temperature (°F), Rain (in), Wind Speed (mph)

                                      Heat  Cool        Avg
    Mean                              Deg   Deg         Wind                 Dom
Day Temp  High   Time   Low    Time   Days  Days  Rain  Speed High   Time    Dir
----------------------------------------------------------------------------------
01  70.6  82.8   15:02  58.1   05:38   1.4   7.0  0.00   1.2  10.5   10:45   ESE
02  70.3  82.2   15:58  58.3   05:46   1.2   6.4  0.00   0.1   4.4   14:55    NW
03  74.6  89.2   15:29  62.1   06:09   0.3   9.9  0.00   0.1   4.4   11:43   WSW
04  75.8  93.9   15:06  62.4   05:56   0.2  10.8  0.00   0.2   5.2   15:19   SSW
05  73.2  86.9   15:23  61.2   05:56   0.6   8.7  0.00   0.8   7.0   16:29     S
06  76.8  89.2   12:34  70.9   23:54   0.0  11.8  0.28   0.5   7.9   13:21     N
07  73.5  84.2   16:06  66.4   23:56   0.0   8.5  0.00   0.4   6.1   14:07     N
08  69.4  82.0   15:18  62.8   03:32   0.5   4.9  0.00   0.1   4.4   11:41     S
09  62.1  64.8   00:00  59.9   04:26   0.6   0.0  0.00   0.1   0.0   00:00   SSE
10  72.4  87.8   15:29  57.9   05:16   1.6   9.0  0.00   0.4   7.0   14:02    SE
11  73.1  84.2   13:42  65.1   03:49   0.0   8.1  0.06   1.4   9.6   14:14     S
12  74.9  84.4   12:36  68.5   06:11   0.0   9.9  0.01   1.1  10.5   15:13    SE
13  73.8  85.3   15:25  63.5   05:57   0.1   8.9  0.00   1.0   7.9   15:25     E
14  75.1  88.5   14:33  63.5   06:17   0.1  10.2  0.00   1.0   8.7   11:09   SSE
15  72.5  86.5   15:29  59.4   06:08   0.7   7.6  0.00   0.9   5.2   14:14    SE
----------------------------------------------------------------------------------
    72.5  93.9     4    57.9    10     7.3 121.7  0.35   0.7  10.5     1      SE

Max >=  90.0  1
Max <=  32.0  0
Min <=  45.0  0
Min <=  32.0  0
Max Rain: 0.28 on day 6
Days of Rain: 1 (>= 0.25 in)  0 (>= 0.50 in)  0 (>= 1.00 in)
Heat Base: 65.0  Cool Base: 65.0  Method: Integration