NOAA-Style Climate Reports


Report for 2019 September
                   Monthly Climatological Summary for Sep 2019

Name: Lighthouse Rd. Woodbury, CT   City: Woodbury   State: CT
Elevation: 472 ft  Lat: N 41 33 11   Lon: W 073 13 27

                  Temperature (°F), Rain (in), Wind Speed (mph)

                                      Heat  Cool        Avg
    Mean                              Deg   Deg         Wind                 Dom
Day Temp  High   Time   Low    Time   Days  Days  Rain  Speed High   Time    Dir
----------------------------------------------------------------------------------
01  63.7  73.8   13:17  53.1   02:37   3.6   2.3  0.00   0.7   7.0   17:26     S
02  64.8  72.0   16:18  57.0   06:58   2.3   2.1  0.70   0.8   6.1   09:59   SSW
03  66.5  82.0   15:50  57.4   06:48   2.1   3.6  0.01   0.1   5.2   12:18     S
04  67.8  79.7   16:26  57.6   02:21   1.8   4.7  0.07   0.9   7.9   11:09   SSW
05  61.3  70.9   16:06  52.3   06:35   4.7   1.0  0.00   0.2   4.4   10:12     E
06  58.6  63.7   15:05  54.1   05:28   6.4   0.0  0.00   1.8   9.6   14:54     N
07  60.2  71.1   15:59  53.1   07:06   5.5   0.7  0.15   1.3  13.1   13:15     E
08  60.3  75.9   16:06  49.1   05:45   6.4   1.7  0.00   0.7  11.3   14:40   ESE
09  61.8  73.4   15:08  52.9   06:42   4.4   1.2  0.00   0.1   4.4   12:59     N
10  63.8  71.4   14:39  57.2   02:53   2.7   1.5  0.00   0.2   6.1   15:22   SSW
11  72.3  86.7   15:51  63.9   00:25   0.1   7.4  0.00   0.6   6.1   09:47   NNE
12  64.7  69.8   00:00  55.6   23:58   1.7   1.3  0.02   0.9   6.1   18:46     N
13  57.7  68.2   16:21  48.9   05:37   7.5   0.2  0.00   1.0   7.9   11:11   NNE
14  60.4  67.1   15:28  50.5   00:49   5.1   0.5  0.09   0.3   5.2   11:02     S
15  66.5  79.2   15:58  58.6   23:22   1.4   3.0  0.00   0.3   7.9   15:42   ESE
16  61.5  72.9   16:15  52.2   23:49   4.5   1.0  0.00   0.2   5.2   12:10     E
17  58.2  75.7   16:11  46.0   06:30   8.3   1.5  0.00   0.7  11.3   13:22    NE
----------------------------------------------------------------------------------
    62.9  86.7    11    46.0    17    68.5  33.7  1.04   0.6  13.1     7     ENE

Max >=  90.0  0
Max <=  32.0  0
Min <=  45.0  0
Min <=  32.0  0
Max Rain: 0.70 on day 2
Days of Rain: 1 (>= 0.25 in)  1 (>= 0.50 in)  0 (>= 1.00 in)
Heat Base: 65.0  Cool Base: 65.0  Method: Integration