NOAA-Style Climate Reports

Select a Year or Month report
2018: Jan Feb Mar Apr May Jun Jul Aug Sep Oct Nov Dec
2017: Jan Feb Mar Apr May Jun Jul Aug Sep Oct Nov Dec
2016: Jan Feb Mar Apr May Jun Jul Aug Sep Oct Nov Dec
2015: Jan Feb Mar Apr May Jun Jul Aug Sep Oct Nov Dec
2014: Jan Feb Mar Apr May Jun Jul Aug Sep Oct Nov Dec
2013: Jan Feb Mar Apr May Jun Jul Aug Sep Oct Nov Dec
2012: Jan Feb Mar Apr May Jun Jul Aug Sep Oct Nov Dec
2011: Jan Feb Mar Apr May Jun Jul Aug Sep Oct Nov Dec

Report for 2018 February
                   Monthly Climatological Summary for Feb 2018

Name: Lighthouse Rd. Woodbury, CT   City: Woodbury   State: CT
Elevation: 472 ft  Lat: N 41 33 12   Lon: W 073 13 27

                  Temperature (°F), Rain (in), Wind Speed (mph)

                                      Heat  Cool        Avg
    Mean                              Deg   Deg         Wind                 Dom
Day Temp  High   Time   Low    Time   Days  Days  Rain  Speed High   Time    Dir
----------------------------------------------------------------------------------
01  32.6  41.7   14:04  26.1   00:53  32.4   0.0  0.13   0.9   8.7   00:33     S
02  21.4  32.2   00:37   8.4   23:55  44.2   0.0  0.00   0.8  12.2   12:43    NE
03  17.0  28.9   15:09   5.9   05:20  48.0   0.0  0.00   1.5   9.6   10:57     S
04  33.8  42.4   20:19  23.0   00:00  31.2   0.0  0.97   1.9  11.3   09:07     S
05  29.8  41.2   00:00  17.1   23:38  35.2   0.0  0.01   2.1  15.7   10:03     N
06  23.4  33.3   15:34  15.8   00:54  41.6   0.0  0.00   0.4   5.2   11:58   SSE
07  26.3  35.1   19:10  19.4   03:42  38.7   0.0  0.17   1.6  12.2   23:30   NNW
08  24.4  31.3   14:26  16.5   23:44  41.5   0.0  0.04   2.7  15.7   05:39     N
09  21.3  30.6   11:59  10.0   06:34  43.7   0.0  0.00   1.2  12.2   13:21   SSE
10  24.8  24.8   00:00  24.8   00:00  40.2   0.0  0.00   0.0   0.0   00:00     N
11  27.5  52.2   22:00  24.8   00:00  37.9   0.0  1.22   0.0   0.0   00:00     N
12  37.0  56.7   01:51  25.2   23:53  28.0   0.0  0.01   3.0  14.8   03:42    NW
13  26.8  37.9   15:27  19.4   06:19  38.2   0.0  0.00   2.4   9.6   09:14    NE
14  35.5  47.1   12:52  24.3   00:11  29.5   0.0  0.00   0.9  10.5   12:45   SSE
15  44.5  54.1   14:35  36.5   01:29  20.5   0.0  0.25   0.4   5.2   14:30     S
16  44.5  53.1   13:48  32.0   23:56  20.5   0.0  0.12   1.6  12.2   19:06   NNW
17  30.7  39.6   13:07  24.1   06:31  34.3   0.0  0.00   2.5  14.0   13:42   SSE
18  33.9  44.6   15:12  24.4   23:51  31.1   0.0  0.00   1.7  14.8   10:18   NNW
19  34.2  45.5   11:44  18.1   06:46  30.8   0.0  0.14   1.9  12.2   10:55     S
20  50.2  69.4   15:05  37.8   02:44  15.0   0.2  0.01   0.9   8.7   14:06     S
21  60.3  78.1   14:55  46.2   03:10   7.4   2.6  0.00   2.0  16.6   13:22   SSW
22  38.6  51.1   00:00  31.1   23:27  26.4   0.0  0.07   2.1   9.6   01:08   NNW
23  33.3  35.2   23:53  30.2   06:37  31.7   0.0  0.24   1.3   7.9   09:23   ESE
----------------------------------------------------------------------------------
    32.7  78.1    21     5.9     3   748.0   2.8  3.38   1.5  16.6    21      NE

Max >=  90.0  0
Max <=  32.0  4
Min <=  45.0 22
Min <=  32.0 20
Max Rain: 1.22 on day 11
Days of Rain: 3 (>= 0.25 in)  2 (>= 0.50 in)  1 (>= 1.00 in)
Heat Base: 65.0  Cool Base: 65.0  Method: Integration