NOAA-Style Climate Reports


Report for 2018 December
                   Monthly Climatological Summary for Dec 2018

Name: Lighthouse Rd. Woodbury, CT   City: Woodbury   State: CT
Elevation: 472 ft  Lat: N 41 33 11   Lon: W 073 13 27

                  Temperature (°F), Rain (in), Wind Speed (mph)

                                      Heat  Cool        Avg
    Mean                              Deg   Deg         Wind                 Dom
Day Temp  High   Time   Low    Time   Days  Days  Rain  Speed High   Time    Dir
----------------------------------------------------------------------------------
01  34.3  43.0   13:40  25.3   07:15  30.7   0.0  0.06   0.4   7.0   11:41    SE
02  41.1  44.4   14:51  36.5   00:00  23.9   0.0  0.54   1.3   7.9   08:45   NNW
03  47.0  54.3   10:34  39.6   23:59  18.0   0.0  0.00   2.2  21.8   12:33     S
04  32.0  39.7   00:04  21.7   23:58  33.0   0.0  0.00   2.8  14.0   08:45     N
05  26.2  36.1   12:57  16.2   06:49  38.8   0.0  0.00   0.4   5.2   10:36   ENE
06  28.2  37.8   13:33  16.9   06:49  36.8   0.0  0.00   1.0  14.8   14:16   SSE
07  29.8  36.7   11:12  20.1   23:57  35.2   0.0  0.00   1.7  10.5   08:47     N
08  22.2  30.7   14:32  14.0   06:59  42.8   0.0  0.00   0.7  12.2   10:46    NE
09  22.4  32.5   13:13  12.4   06:26  42.6   0.0  0.00   0.5   8.7   12:54     S
10  25.4  38.1   13:17  15.4   06:18  39.5   0.0  0.00   0.9   7.9   10:14     N
11  25.4  37.6   13:39  13.5   06:24  39.6   0.0  0.00   0.8   8.7   12:27    SE
12  30.3  38.3   11:26  24.4   21:35  34.7   0.0  0.00   1.3  10.5   13:07     N
13  26.4  30.7   22:45  22.1   06:25  38.6   0.0  0.00   2.1   6.1   00:43     N
14  36.3  42.8   13:43  29.5   07:09  28.7   0.0  0.00   0.3   7.0   02:05   NNW
15  43.6  49.1   13:15  38.8   04:06  21.3   0.0  0.02   1.3  13.1   22:19   NNW
----------------------------------------------------------------------------------
    31.4  54.3     3    12.4     9   504.2   0.0  0.62   1.2  21.8     3       N

Max >=  90.0  0
Max <=  32.0  2
Min <=  45.0 15
Min <=  32.0 12
Max Rain: 0.54 on day 2
Days of Rain: 1 (>= 0.25 in)  1 (>= 0.50 in)  0 (>= 1.00 in)
Heat Base: 65.0  Cool Base: 65.0  Method: Integration