NOAA-Style Climate Reports


Report for 2021 February
                   Monthly Climatological Summary for Feb 2021

Name: Lighthouse Rd. Woodbury, CT   City: Woodbury   State: CT
Elevation: 472 ft  Lat: N 41° 33' 10"   Lon: W 073° 13' 27"

                  Temperature (°F), Rain (in), Wind Speed (mph)

                                      Heat  Cool        Avg
    Mean                              Deg   Deg         Wind                 Dom
Day Temp  High   Time   Low    Time   Days  Days  Rain  Speed High   Time    Dir
----------------------------------------------------------------------------------
01  24.6  30.2   23:55  19.8   00:00  40.3   0.0  0.00   6.3  32.4   13:01   NNW
02  30.0  32.5   14:57  25.2   23:45  35.0   0.0  0.00   4.2  23.7   02:56   NNW
03  28.9  34.9   14:48  25.0   00:35  36.1   0.0  0.00   1.4  13.2   11:47   NNW
04  32.2  44.6   14:18  21.7   23:34  32.8   0.0  0.00   1.2  14.8   12:41    NW
05  30.2  41.0   15:20  20.7   01:59  34.7   0.0  0.00   0.8  10.3   23:56   SSW
06  34.8  47.8   11:46  24.8   06:26  30.2   0.0  0.00   1.5  28.2   12:04     S
07  26.9  30.6   09:39  21.2   23:57  38.1   0.0  0.00   1.0  13.2   21:02   WNW
08  21.5  32.7   14:19  11.7   23:59  43.5   0.0  0.00   1.1  11.9   04:21    NW
09  20.8  28.4   12:26  11.7   00:00  44.1   0.0  0.00   0.6   5.8   10:34     W
10  23.3  37.0   15:24   8.4   06:54  41.7   0.0  0.00   0.5   8.9   12:25   NNW
11  25.0  37.4   11:56  19.4   23:59  39.9   0.0  0.04   0.9  11.9   14:19   NNW
12  22.2  35.1   10:52   9.5   06:51  42.8   0.0  0.00   0.6   8.9   11:45   NNW
13  24.4  30.7   12:26  16.7   06:53  40.6   0.0  0.00   1.3   7.4   10:18   NNW
14  31.0  40.8   13:06  24.3   00:59  34.0   0.0  0.00   1.1   8.9   01:36    NW
15  30.5  32.7   12:43  29.3   00:31  34.5   0.0  0.00   1.4  11.9   07:21    NW
16  38.1  53.8   13:53  29.8   00:00  26.9   0.0  0.25   1.6  17.7   22:08     W
17  25.8  33.6   11:30  20.3   06:37  39.2   0.0  0.00   1.5  16.1   10:38   NNW
18  23.4  27.1   11:15  19.9   04:53  41.6   0.0  0.00   1.6   8.9   19:16   NNW
19  27.7  32.4   13:03  23.7   00:07  37.3   0.0  0.03   1.6   8.9   01:47    NW
20  29.9  40.5   10:07  22.1   23:06  35.1   0.0  0.04   1.5  13.2   10:57    NW
21  26.1  39.6   11:40  16.2   06:00  38.9   0.0  0.02   1.0  14.8   10:45    NW
22  27.8  37.9   11:52  15.1   01:02  37.2   0.0  0.20   1.0  13.2   11:38     S
23  36.3  46.4   11:16  30.0   01:36  28.7   0.0  0.06   0.9  13.2   09:38     S
24  42.4  56.1   13:52  29.7   06:30  22.6   0.0  0.00   1.8  16.1   15:38     S
----------------------------------------------------------------------------------
    28.5  56.1    24     8.4    10   875.8   0.0  0.64   1.5  32.4     1      NW

Max >=  90.0  0
Max <=  32.0  5
Min <=  45.0 24
Min <=  32.0 24
Max Rain: 0.25 on day 16
Days of Rain: 1 (>= 0.25 in)  0 (>= 0.50 in)  0 (>= 1.00 in)
Heat Base: 65.0  Cool Base: 65.0  Method: Integration