NOAA-Style Climate Reports


Report for 2019
                   Annual Climatological Summary for 2019

Name: Lighthouse Rd. Woodbury, CT   City: Woodbury   State: CT
Elevation: 472 ft  Lat: N 41 33 11   Lon: W 073 13 27

                  Temperature (°F), Heat Base: 65.0  Cool Base: 65.0
                          Dep.  Heat  Cool                       Max  Max  Min  Min
        Mean  Mean        From  Deg   Deg                        >=   <=   <=   <=
 YR MO  Max   Min   Mean  Norm  Days  Days  Hi  Date  Low  Date 90.0 32.0 45.0  32.0
------------------------------------------------------------------------------------
 19  1  35.1  18.1  26.8   1.2  1185     0  55.4   1  -3.5   21    0    9   31   30
 19  2  39.2  22.3  30.0   1.4   975     0  64.6   5   1.9    2    0    8   30   29
 19  3  41.9  23.2  32.4  -4.4  1008     0  68.5  30   1.8    7    0    5   30   24
 19  4  60.1  42.1  50.6   1.9   469     9  78.4  23  20.1    2    0    0   22    4
 19  5  68.3  48.9  57.5  20.7   271    38  85.8  26  38.5   12    0    0    7    0
 19  6  75.9  56.3  65.8  -1.8    85   117  88.0  28  38.7    4    0    0    1    0
 19  7  84.0  62.6  72.3  -0.3     8   130  93.9   4  57.9   10    1    0    0    0
 19  8
 19  9
 19 10
 19 11
 19 12
------------------------------------------------------------------------------------
        57.8  39.1  47.9   2.7  4001   293  93.9 Jul  -3.5  Jan    1   22  121   87

                                Precipitation (in)

              Dep.   Max        Days of Rain
              From   Obs.           >=
 YR MO Total  Norm   Day Date 0.25 0.50 1.00
---------------------------------------------
 19  1  3.60  0.52  1.52  24     4    2    1
 19  2  1.73 -0.93  0.50   6     4    1    0
 19  3  2.02 -1.55  0.69  15     3    2    0
 19  4  8.16  4.38  1.93  20     7    4    3
 19  5  4.62  1.05  0.97  29     6    3    0
 19  6  3.57 -0.86  1.41  18     4    2    1
 19  7  0.35 -4.30  0.28   6     1    0    0
---------------------------------------------
       24.05 -1.69  1.93  Apr   29   14    5

                                Wind Speed (mph)
                          Dom
 YR MO   Avg.  Hi   Date  Dir
------------------------------
 19  1   2.2  28.8    9   NNE
 19  2   2.2  33.2   25   NNE
 19  3   2.6  25.3   16    SE
 19  4   2.9  24.4    4   SSE
 19  5   1.6  18.3   21     E
 19  6   0.8  18.3   11   ESE
 19  7   0.7  10.5    1    SE
 19  8
 19  9
 19 10
 19 11
 19 12
------------------------------
         1.8  33.2  Feb     E