NOAA-Style Climate Reports


Report for 2020
                   Annual Climatological Summary for 2020

Name: Lighthouse Rd. Woodbury, CT   City: Woodbury   State: CT
Elevation: 472 ft  Lat: N 41° 33' 11"   Lon: W 073° 13' 27"

                  Temperature (°F), Heat Base: 65.0  Cool Base: 65.0
                          Dep.  Heat  Cool                       Max  Max  Min  Min
        Mean  Mean        From  Deg   Deg                        >=   <=   <=   <=
 YR MO  Max   Min   Mean  Norm  Days  Days  Hi  Date  Low  Date 90.0 32.0 45.0  32.0
------------------------------------------------------------------------------------
 20  1  41.9  24.3  33.0   7.4   992     0  67.5  12   5.5   22    0    5   31   26
 20  2  42.8  25.7  33.6   5.0   896     0  63.3  24   5.2   15    0    1   29   26
 20  3  52.9  32.6  41.9   5.1   715     1  73.4   9  16.2    1    0    0   31   15
 20  4  54.9  35.8  45.1  -3.6   598     0  68.0  25  25.3   17    0    0   29    8
 20  5  69.2  46.2  57.2  20.4   286    44  83.5  15  31.1    9    0    0   14    2
 20  6  80.0  57.9  68.1   0.5    87   171  93.2  22  38.8    1    1    0    2    0
 20  7  83.7  64.7  72.3  -0.3     4    84  91.8   6  58.5    2    2    0    0    0
 20  8
 20  9
 20 10
 20 11
 20 12
------------------------------------------------------------------------------------
        58.6  38.8  48.1   2.8  3579   301  93.2 Jun   5.2  Feb    3    6  136   77

                                Precipitation (in)

              Dep.   Max        Days of Rain
              From   Obs.           >=
 YR MO Total  Norm   Day Date 0.25 0.50 1.00
---------------------------------------------
 20  1  2.47 -0.61  1.50  25     3    1    1
 20  2  2.92  0.26  0.77  27     5    2    0
 20  3  3.35 -0.22  0.79  23     4    3    0
 20  4  4.50  0.72  1.58  13     6    4    1
 20  5  2.91 -0.66  0.80  15     5    4    0
 20  6  2.51 -1.92  0.96  11     3    3    0
 20  7  4.14 -0.51  2.20   8     4    3    1
---------------------------------------------
       22.80 -2.94  2.20  Jul   30   20    3

                                Wind Speed (mph)
                          Dom
 YR MO   Avg.  Hi   Date  Dir
------------------------------
 20  1   1.9  26.2   11     N
 20  2   1.8  28.8   27   ESE
 20  3   2.7  28.8    4     N
 20  4   3.4  28.8   13   NNE
 20  5   2.3  22.7    9   ENE
 20  6   0.8  12.2   12   SSE
 20  7   0.7  10.5   10     S
 20  8
 20  9
 20 10
 20 11
 20 12
------------------------------
         2.1  28.8  Feb    NE