NOAA-Style Climate Reports

Select a Year or Month report
2019: Jan Feb Mar Apr May Jun Jul Aug Sep Oct Nov Dec
2018: Jan Feb Mar Apr May Jun Jul Aug Sep Oct Nov Dec
2017: Jan Feb Mar Apr May Jun Jul Aug Sep Oct Nov Dec
2016: Jan Feb Mar Apr May Jun Jul Aug Sep Oct Nov Dec
2015: Jan Feb Mar Apr May Jun Jul Aug Sep Oct Nov Dec
2014: Jan Feb Mar Apr May Jun Jul Aug Sep Oct Nov Dec
2013: Jan Feb Mar Apr May Jun Jul Aug Sep Oct Nov Dec
2012: Jan Feb Mar Apr May Jun Jul Aug Sep Oct Nov Dec
2011: Jan Feb Mar Apr May Jun Jul Aug Sep Oct Nov Dec

Report for 2019 February
                   Monthly Climatological Summary for Feb 2019

Name: Lighthouse Rd. Woodbury, CT   City: Woodbury   State: CT
Elevation: 472 ft  Lat: N 41 33 11   Lon: W 073 13 27

                  Temperature (°F), Rain (in), Wind Speed (mph)

                                      Heat  Cool        Avg
    Mean                              Deg   Deg         Wind                 Dom
Day Temp  High   Time   Low    Time   Days  Days  Rain  Speed High   Time    Dir
----------------------------------------------------------------------------------
01  10.6  24.1   15:03   2.8   06:24  54.4   0.0  0.00   0.8   8.7   12:42   NNE
02  18.9  33.8   13:47   1.9   01:08  46.1   0.0  0.00   1.9  14.8   14:41   SSE
03  34.6  47.7   14:17  28.0   07:06  30.4   0.0  0.01   1.0   9.6   12:59   SSE
04  40.7  63.1   14:20  26.1   05:56  24.3   0.0  0.00   0.9   7.9   14:41   SSE
05  43.2  64.6   14:02  29.3   04:07  21.8   0.0  0.00   1.5  13.1   13:09     N
06  35.9  45.5   13:52  26.8   07:16  29.1   0.0  0.50   1.9   8.7   11:14    SE
07  36.9  41.0   13:09  34.0   04:06  28.1   0.0  0.07   2.4   7.0   13:40     N
08  39.2  56.1   14:37  27.5   23:49  25.8   0.0  0.31   2.8  21.8   20:47   SSW
09  25.4  33.1   15:16  19.8   06:50  39.6   0.0  0.00   4.5  24.4   01:27   NNE
10  24.6  33.4   13:05  12.9   06:13  40.4   0.0  0.00   1.2  10.5   13:07   ENE
11  30.1  37.0   15:14  26.6   23:55  34.9   0.0  0.00   0.8   7.9   23:44     N
12  21.6  28.2   23:58  16.2   10:40  43.4   0.0  0.00   4.1  11.3   06:19     N
13  34.2  41.7   12:21  28.2   00:00  27.8   0.0  0.01   3.4  20.1   10:46     S
14  32.5  42.1   14:09  27.5   04:44  32.4   0.0 -0.01   2.6  14.8   06:43     S
15  40.0  50.2   14:35  27.5   00:10  25.0   0.0  0.01   1.4   9.6   14:32   SSW
16  33.1  40.3   14:20  23.7   23:48  31.9   0.0  0.00   2.3  13.1   09:58     N
17  28.0  38.3   13:06  17.6   06:14  37.0   0.0  0.00   1.4   8.7   13:11     E
18  28.3  34.2   15:49  19.6   23:57  36.7   0.0  0.00   1.5  12.2   22:18     N
19  22.9  31.6   14:47  15.8   04:31  42.1   0.0  0.07   2.5  12.2   09:34     N
----------------------------------------------------------------------------------
    30.6  64.6     5     1.9     2   651.2   0.0  0.97   2.0  24.4     9      NE

Max >=  90.0  0
Max <=  32.0  3
Min <=  45.0 19
Min <=  32.0 18
Max Rain: 0.50 on day 6
Days of Rain: 2 (>= 0.25 in)  1 (>= 0.50 in)  0 (>= 1.00 in)
Heat Base: 65.0  Cool Base: 65.0  Method: Integration