NOAA-Style Climate Reports


Report for 2022 January
                   Monthly Climatological Summary for Jan 2022

Name: Lighthouse Rd. Woodbury, CT   City: Woodbury   State: CT
Elevation: 472 ft  Lat: N 41° 33' 10"   Lon: W 073° 13' 27"

                  Temperature (°F), Rain (in), Wind Speed (mph)

                                      Heat  Cool        Avg
    Mean                              Deg   Deg         Wind                 Dom
Day Temp  High   Time   Low    Time   Days  Days  Rain  Speed High   Time    Dir
----------------------------------------------------------------------------------
01  48.5  51.6   14:45  46.0   05:54  16.5   0.0  0.25   0.1   4.0   10:47     S
02  43.9  50.9   10:17  30.4   23:54  21.1   0.0  0.07   0.6   8.0   20:58    NW
03  24.8  30.6   00:02  17.4   22:59  40.3   0.0  0.00   1.6  11.0   14:01   NNW
04  23.1  34.0   13:44  14.4   03:27  41.9   0.0  0.00   0.5   6.0   10:28   WSW
05  29.5  37.0   21:19  18.3   01:37  35.4   0.0  0.00   0.1   4.0   10:00   SSW
06  32.9  41.4   10:45  28.0   19:37  32.1   0.0  0.00   0.5  13.0   10:28   SSW
07  26.9  33.4   11:43  19.6   23:53  38.1   0.0  0.00   0.9  11.0   14:46    NW
08  19.3  29.5   13:23  10.6   23:08  45.7   0.0  0.00   0.8  18.0   02:26    NW
09  27.8  36.1   12:51   9.7   02:04  37.2   0.0  0.01   0.7   8.0   12:14   SSW
10  26.5  35.6   00:04  17.6   22:49  38.5   0.0  0.00   1.0  13.0   14:36   SSW
11  11.8  19.0   00:37   2.5   23:03  53.0   0.0  0.00   0.9   9.0   08:37   NNW
12  20.2  38.3   13:29   2.1   05:40  44.8   0.0  0.00   0.5  14.0   11:31   SSW
13  32.4  47.5   13:55  23.2   04:51  32.6   0.0  0.00   0.2   3.0   13:00   WSW
14  31.9  43.7   11:36  14.0   23:53  33.1   0.0  0.00   2.0  17.0   18:07    NW
15   8.2  14.4   13:28   2.7   07:13  56.8   0.0  0.00   1.7  13.0   00:55   NNW
16  14.9  27.5   12:47  -2.4   07:16  50.1   0.0  0.00   1.2  11.0   23:59     N
17  33.5  40.1   08:38  24.8   00:00  31.5   0.0  0.42   2.9  19.0   06:00     N
18  28.2  38.3   11:21  17.8   23:56  36.8   0.0  0.01   1.3  15.0   14:22    SE
19  29.3  43.2   15:06  14.4   03:43  35.7   0.0  0.00   0.8  14.0   10:42     S
20  28.8  38.8   03:12  13.5   23:55  36.2   0.0  0.21   0.7   9.0   15:56    NW
21  13.5  23.4   14:04   7.3   06:26  51.5   0.0  0.00   1.3   9.0   10:49    NW
22  16.8  30.9   13:43   5.7   04:44  48.2   0.0  0.00   0.8   7.0   09:38   NNW
23  23.1  37.2   13:43  11.1   02:03  41.9   0.0  0.00   0.5   9.0   11:02     S
24  25.2  32.7   13:34  20.1   07:32  39.8   0.0  0.00   0.7   6.0   07:19    NW
25  29.9  42.6   13:35  20.8   23:32  35.1   0.0  0.00   0.3   8.0   11:37    SW
----------------------------------------------------------------------------------
    26.0  51.6     1    -2.4    16   973.9   0.0  0.97   0.9  19.0    17      NW

Max >=  90.0  0
Max <=  32.0  7
Min <=  45.0 24
Min <=  32.0 24
Max Rain: 0.42 on day 17
Days of Rain: 2 (>= 0.25 in)  0 (>= 0.50 in)  0 (>= 1.00 in)
Heat Base: 65.0  Cool Base: 65.0  Method: Integration